ed by d.
0
Let u(z) = 3*z**2 + 4*z + 4. Calculate the remainder when 35 is divided by u(-3).
16
Suppose -i - 4*u + 12 = -5*i, -15 = i - 4*u. Let g = -79 + 120. Calculate the remainder when g is divided by (-12 - 2)/(i + -2).
13
Let u(z) = -8*z + 50. What is the remainder when 28 is divided by u(5)?
8
Let o be (7 - -1) + 0 + -3. Suppose -3*n + 24 = -3*u, -3*u = -4*n - 8*u + o. Calculate the remainder when 13 is divided by n.
3
Let v be (-7 - 0)*-2 + -2. Let k = v + -3. Calculate the remainder when 35 is divided by k.
8
Let f(g) = 7*g**3 - g. Let b(s) = 2*s - 5. Let m be b(7). Let l = -5 + m. What is the remainder when f(1) is divided by l?
2
Calculate the remainder when (-3 - -26)*(-8)/12*-6 is divided by 31.
30
Suppose -4*h = 8, -h + 418 = 4*i + 32. Calculate the remainder when i is divided by 33.
31
Let k(x) = x**3 - x**2 - 2*x + 2. Suppose p - 9 = 18. Calculate the remainder when p is divided by k(3).
13
Let s = 21 - 4. Let r = -11 + s. Calculate the remainder when (-4)/(-1 - 12/(-16)) is divided by r.
4
Suppose 0 = -5*h - 4*t + 35, -t = h - 4*t - 26. Calculate the remainder when (-8)/(-12) + 91/3 is divided by h.
9
Suppose 7*a - 134 = 4*a + v, -a + v = -48. Calculate the remainder when a is divided by 23.
20
Let m(s) = -s + 7. Suppose -2*k - 8 = -6*k. What is the remainder when k is divided by m(6)?
0
Suppose -2*t = 2*t - 5*i - 9, -4*t - 2*i = -30. Suppose b = -4*b + 15. Suppose 3*a + 20 = b*c - 19, 0 = -3*a - 6. What is the remainder when c is divided by t?
5
Suppose 4*c + 5*a = 92, 3*a + 61 = 5*c - 54. What is the remainder when 113 is divided by c?
21
Let j(d) = -2*d + 3. Let m(h) = -16*h + 25. Let a(i) = -51*j(i) + 6*m(i). What is the remainder when 59 is divided by a(3)?
14
Suppose -4*s + 9*s - w = 23, 0 = -4*s + 2*w + 22. Let p(y) = -y**3 - 7*y**2 - 10*y - 11. What is the remainder when p(-6) is divided by s?
1
Let n be (2 - -1) + (-1)/1. Suppose 5*y - 29 = -n*q, 0*y + 3*y + 3*q - 12 = 0. What is the remainder when y is divided by 3?
1
Calculate the remainder when 94 is divided by 26 - (-1 + 1 + 2).
22
Let k(l) = -3*l + 1. Let y be k(1). Suppose 3*q - s - 43 = 0, 0*s - 5*s = -q + 5. Calculate the remainder when q is divided by (y - 0)*8/(-2).
7
Let f = 12 - 16. Let i(x) = 2*x**2 + 5*x - 4. What is the remainder when 30 is divided by i(f)?
6
Suppose k + 670 = 6*k. Calculate the remainder when k is divided by 35.
29
Let b(l) be the first derivative of -4*l**2 + l + 2. Suppose 0 = -0*m - 3*m - 3. Calculate the remainder when b(m) is divided by 4.
1
Suppose -2*d = 1 - 7. Suppose d*s + 60 = 7*s. Calculate the remainder when 58 is divided by s.
13
Suppose 0 = 2*j + h - 2*h, 4*h - 8 = 0. Suppose 2*v - 2*u = -j - 7, 0 = 3*v + 4*u - 9. What is the remainder when (1 - (0 - 43)) + v is divided by 15?
13
Let h be (9/(-6))/(-3)*22. Suppose 4*m - h = 9. What is the remainder when 13 is divided by m?
3
Let p(k) = k**3 + 11*k**2 + 2*k + 16. Let j be p(-11). Let t = 11 + j. Calculate the remainder when 9 is divided by t.
4
Let y = -19 - -36. Calculate the remainder when y is divided by 9/(-6) - (-42)/4.
8
Suppose 0*g - 15 = -4*y + g, y + 5*g = -12. Suppose 2*v = -y*a + 4*v + 105, -4*v + 49 = a. Calculate the remainder when a is divided by 19.
18
Let y be (-4)/16 - 111/(-12). Suppose -y = -5*m - 3*x + 105, -3*m + 66 = 3*x. Let s = 20 + -7. What is the remainder when m is divided by s?
11
Let o(u) = 2*u**2 - 19*u + 21. What is the remainder when o(12) is divided by 14?
11
Let w = 12 - -1. What is the remainder when 38 is divided by w?
12
Suppose 0 = j + 8*j - 54. What is the remainder when 21 is divided by j?
3
Suppose 6*s - 4*s = -10, 2*s = -g - 5. Suppose -g = -3*u + 7. Suppose 0 = 4*t + 5*v - 125, 3*t - u*v = -v + 60. Calculate the remainder when 49 is divided by t.
24
Let y(z) = -z**3 + 11*z**2 - 10*z + 10. Let r = 2 + 8. Let f be y(r). Suppose 0 + f = i. Calculate the remainder when i is divided by 6.
4
Let v(c) be the first derivative of -c**2/2 + c + 1. Let z(j) = -3*j + 1. Let l be z(2). Calculate the remainder when 16 is divided by v(l).
4
Let q = 1 + 1. Suppose q*u = -0*u + 4. Suppose -u*t + 78 = t. Calculate the remainder when t is divided by 9.
8
Suppose -6 = 3*p, -3*p + 0*p + 132 = 2*v. What is the remainder when v is divided by 36?
33
Let l(b) = b + 61. Calculate the remainder when l(0) is divided by 21.
19
Suppose 0 = -4*m + 49 + 15. Let h = -8 + m. What is the remainder when 14 is divided by h?
6
What is the remainder when 332/14 + 2/(-28)*-4 is divided by 13?
11
Let w(u) = 3*u**2 + 5*u + 2. What is the remainder when 13 is divided by w(-2)?
1
Suppose 4*y = 2*x + 3*x + 138, 3*x - 6 = 0. Calculate the remainder when y is divided by 19.
18
Let v(x) = 2*x**2 + 27*x - 6. Let f be v(-15). Let y(u) = -6*u + 1. Let h be y(-4). Let o = f - h. Calculate the remainder when 41 is divided by o.
13
Let m = -128 - -80. Suppose -5*q - 4*i + 102 = 9, -4*q + 64 = -2*i. Calculate the remainder when (m/5)/(9/(-30)) is divided by q.
15
Suppose 3*k = 42 + 87. Let q = 39 - 24. What is the remainder when k is divided by q?
13
Let b be 2/6 + (-4)/12. Suppose b + 30 = 2*v. What is the remainder when v is divided by 8?
7
Calculate the remainder when 22 is divided by (60/35)/((-1)/(-7)).
10
Suppose 6*h = 9*h + 4*o - 22, -4*h - 3*o + 34 = 0. Calculate the remainder when 48 is divided by h.
8
Let f(h) = h**2 - h + 4. Suppose -4*r = -33 - 31. Suppose g + 22 = 4*s - 28, -s + r = -2*g. What is the remainder when f(6) is divided by s?
10
Suppose -3*z = -i - i + 23, 0 = i - 4. Let f = 11 + z. What is the remainder when 22 is divided by f?
4
Suppose -4*k + 5 = -2*r - 1, r = -3. Suppose -p = -k - 6. Suppose -20 = -0*n - 4*n + 5*l, 3*l = 2*n - 8. Calculate the remainder when n is divided by p.
4
Suppose -5*m + 80 = -105. Let v(a) = -2*a + 1. Let u = -10 - -4. Calculate the remainder when m is divided by v(u).
11
Let o = 66 - 38. Calculate the remainder when o is divided by 15.
13
Suppose -11*h + 360 = 4*h. What is the remainder when 142 is divided by h?
22
Suppose 0 = 46*h - 51*h + 205. What is the remainder when h is divided by 21?
20
Let y(f) = -47*f**3 - f**2 - 3*f - 1. What is the remainder when y(-1) is divided by 17?
14
Let x(a) = a**2 + a + 1. Let v be x(-1). Let o be 207/6*v*2. Suppose -5*k + o = 3*g, g + 17 = 3*k - 16. Calculate the remainder when 35 is divided by k.
11
What is the remainder when 111 is divided by 7/((1 - -2)/12)?
27
Let a = -2 + 6. Suppose 4*w + 1 = 45. What is the remainder when w is divided by a?
3
Let r = -12 - -9. What is the remainder when 44 is divided by (r/5)/((-2)/30)?
8
Let r(z) be the third derivative of z**5/60 - 11*z**4/24 - 2*z**3/3 - z**2. Calculate the remainder when 13 is divided by r(12).
5
Let f = -18 - -107. Suppose 3*g + 2*g = -4*q + 119, 0 = -4*g + q + 91. What is the remainder when f is divided by g?
20
Let z(c) = -c**2 - 7*c - 5. Let k be z(-5). Suppose a = 5*x + 660, 3*x + k*a + 237 = x. What is the remainder when x/(-3) + (-2)/3 is divided by 11?
10
What is the remainder when 53 - (-3 - (5 - 3) - -2) is divided by 15?
11
Suppose 10*x = 15*x + 20. Calculate the remainder when (-14)/x*300/21 is divided by 13.
11
Suppose 3*p + 3*p - 18 = 0. Suppose p*q + 4*o + 74 = 4*q, -5*q - o + 286 = 0. Calculate the remainder when q is divided by 20.
18
Suppose 3*l + 3*q = 33, -4*l + 2*q + 68 = -0*q. What is the remainder when 28 is divided by l?
13
Suppose -7*g - 5*w - 15 = -6*g, 5*g - 3*w = 37. Suppose -24 = -g*b - 4*i + 16, 4*i - 16 = -2*b. Calculate the remainder when 13 is divided by b.
5
Suppose -8*c + 5*c = r + 6, 5*c + 61 = 4*r. Suppose -5*y + 12 = 4*o + 49, -r = 3*o. Calculate the remainder when 5 is divided by 1*y/((-15)/6).
1
Suppose 65 - 5 = -4*x. Calculate the remainder when 62 is divided by 2/x + (-2662)/(-165).
14
Suppose -80 = 2*n - 6*n. Calculate the remainder when 57 is divided by n.
17
What is the remainder when 116 is divided by (-4)/10 - 1342/(-55)?
20
Let o(d) = 34*d. Let w(h) = h + 9. Let x be w(-10). Let y be o(x). Let b = y - -78. Calculate the remainder when b is divided by 23.
21
Let p(z) = -z**2 + 8*z + 4. Let s be p(8). What is the remainder when 38 is divided by 41/s - (-3)/(-12)?
8
Let v = -2 - -35. Let f = -6 - -17. Suppose -8*z = -f*z + v. Calculate the remainder when 31 is divided by z.
9
Let m(k) =